{"id":1014,"date":"2018-08-30T13:54:54","date_gmt":"2018-08-30T16:54:54","guid":{"rendered":"https:\/\/proartes-ers.infd.edu.ar\/sitio\/informacion-util\/"},"modified":"2025-10-01T20:15:11","modified_gmt":"2025-10-01T23:15:11","slug":"informacion-util","status":"publish","type":"page","link":"https:\/\/proartes-ers.infd.edu.ar\/sitio\/informacion-util\/","title":{"rendered":"Informaci\u00f3n Ingresantes 2026"},"content":{"rendered":"\n<p><img decoding=\"async\" loading=\"lazy\" width=\"85\" height=\"82\" class=\"wp-image-3409\" style=\"width: 85px;\" src=\"https:\/\/proartes-ers.infd.edu.ar\/sitio\/wp-content\/uploads\/2022\/03\/logo-fondo-transparente2.png\" alt=\"\"><strong>Publicaci\u00f3n de Esc. Sec. y Sup. Ces\u00e1reo Bernaldo de Quir\u00f3s<\/strong><\/p>\n\n\n\n<p><strong>&#x1f4e3; Preinscripci\u00f3n Ingresantes Profesorados 2026 para (NIVEL SUPERIOR)<\/strong><\/p>\n\n\n\n<p>La Rector\u00eda de la <strong><em>Esc. Sec. y Sup. N.\u00ba 1 \u00abCes\u00e1reo B. de Quir\u00f3s\u00bb<\/em> <\/strong>informa a la comunidad educativa y a los interesados en preinscribirse a nuestras carreras de formaci\u00f3n docente:&nbsp;&nbsp;<\/p>\n\n\n\n<ul>\n<li>Profesorado Artes Visuales &#x1f3a8;<\/li>\n\n\n\n<li>Profesorado de M\u00fasica &#x1f3b6;<\/li>\n<\/ul>\n\n\n\n<p>El \u00fanico medio v\u00e1lido para realizar la preinscripci\u00f3n es a trav\u00e9s del formulario digital provisto por el Consejo General de Educaci\u00f3n (CGE). Atendiendo a la Resoluci\u00f3n N.\u00ba 4240\/24 CG que fija el mes de octubre para las preinscripciones, y conforme a la Circular N.\u00ba 12\/25.<\/p>\n\n\n\n<p><strong><em>Per\u00edodo y Medio \u00danico de Preinscripci\u00f3n <\/em><\/strong><strong><em>&#x1f4c5;<\/em><\/strong><\/p>\n\n\n\n<p>Las preinscripciones para el Ciclo Lectivo 2026 estar\u00e1n habilitadas desde el 1\u00ba hasta el 31 de octubre de 2025.<\/p>\n\n\n\n<p><strong><em>\u00bfC\u00f3mo realizar la Preinscripci\u00f3n? <\/em><\/strong><strong><em>&#x1f4f2;<\/em><\/strong><\/p>\n\n\n\n<p>Los aspirantes deben completar el formulario digital, que ser\u00e1 el \u00fanico medio v\u00e1lido para la preinscripci\u00f3n, el cual garantizar\u00e1 con posterioridad la inscripci\u00f3n definitiva a las carreras dependientes del CGE en toda la provincia de Entre R\u00edos, conforme a los requisitos establecidos en la Resoluci\u00f3n N.\u00ba 4240\/24 CGE.&nbsp;&nbsp;&nbsp;<\/p>\n\n\n\n<p><em>Pueden acceder a \u00e9l de dos maneras:<\/em><\/p>\n\n\n\n<p>Escaneando el C\u00f3digo QR que se adjunta al comunicado:<\/p>\n\n\n\n<figure class=\"wp-block-image size-full\"><img decoding=\"async\" loading=\"lazy\" width=\"277\" height=\"329\" src=\"https:\/\/proartes-ers.infd.edu.ar\/sitio\/wp-content\/uploads\/2025\/10\/556516487_1320484193421815_4409685209321462104_n.jpg\" alt=\"\" class=\"wp-image-4614\"\/><\/figure>\n\n\n\n<p>Haciendo clic en el siguiente enlace directo: <a href=\"https:\/\/forms.gle\/NoNx8HeWK1SpHdNb7\">https:\/\/forms.gle\/NoNx8HeWK1SpHdNb7<\/a><\/p>\n\n\n\n<p><strong><em>Informaci\u00f3n a Consignar:<\/em><\/strong><\/p>\n\n\n\n<p>Al completarlo, aseg\u00farese de consignar correctamente:<\/p>\n\n\n\n<p>Sus datos personales.<\/p>\n\n\n\n<p>La carrera elegida (Profesorado de Artes Visuales o Profesorado de M\u00fasica).<\/p>\n\n\n\n<p>El Instituto (Esc. Sec. y Sup. N.\u00ba 1 \u00abCes\u00e1reo Bernaldo de Quir\u00f3s\u00bb).<\/p>\n\n\n\n<p>La Localidad (Concordia).<\/p>\n\n\n\n<p><strong>&#x26a0;<\/strong><strong>&#xfe0f; Importante: Aclaraci\u00f3n sobre la Preinscripci\u00f3n<\/strong><\/p>\n\n\n\n<p>Se recuerda a los aspirantes que la <strong>preinscripci\u00f3n es un tr\u00e1mite preliminar<\/strong> y <strong>NO asegura la inscripci\u00f3n definitiva<\/strong> a la carrera. Las condiciones y requisitos para la inscripci\u00f3n final ser\u00e1n informados oportunamente por la instituci\u00f3n.<\/p>\n\n\n\n<p>Se ruega a todos los interesados dar amplia difusi\u00f3n a esta informaci\u00f3n. \u00a1Los esperamos!<\/p>\n","protected":false},"excerpt":{"rendered":"<p>Publicaci\u00f3n de Esc. Sec. y Sup. Ces\u00e1reo Bernaldo de Quir\u00f3s &#x1f4e3; Preinscripci\u00f3n Ingresantes Profesorados 2026 para (NIVEL SUPERIOR) La Rector\u00eda de la Esc. Sec. y Sup. N.\u00ba 1 \u00abCes\u00e1reo B. de Quir\u00f3s\u00bb informa a la comunidad educativa y a los interesados en preinscribirse a nuestras carreras de formaci\u00f3n docente:&nbsp;&nbsp; El \u00fanico medio v\u00e1lido para realizar &#8230; <a title=\"Informaci\u00f3n Ingresantes 2026\" class=\"read-more\" href=\"https:\/\/proartes-ers.infd.edu.ar\/sitio\/informacion-util\/\" aria-label=\"More on Informaci\u00f3n Ingresantes 2026\">[+]<\/a><\/p>\n","protected":false},"author":382,"featured_media":0,"parent":0,"menu_order":0,"comment_status":"closed","ping_status":"closed","template":"","meta":[],"acf":[],"_links":{"self":[{"href":"https:\/\/proartes-ers.infd.edu.ar\/sitio\/wp-json\/wp\/v2\/pages\/1014"}],"collection":[{"href":"https:\/\/proartes-ers.infd.edu.ar\/sitio\/wp-json\/wp\/v2\/pages"}],"about":[{"href":"https:\/\/proartes-ers.infd.edu.ar\/sitio\/wp-json\/wp\/v2\/types\/page"}],"author":[{"embeddable":true,"href":"https:\/\/proartes-ers.infd.edu.ar\/sitio\/wp-json\/wp\/v2\/users\/382"}],"replies":[{"embeddable":true,"href":"https:\/\/proartes-ers.infd.edu.ar\/sitio\/wp-json\/wp\/v2\/comments?post=1014"}],"version-history":[{"count":16,"href":"https:\/\/proartes-ers.infd.edu.ar\/sitio\/wp-json\/wp\/v2\/pages\/1014\/revisions"}],"predecessor-version":[{"id":4616,"href":"https:\/\/proartes-ers.infd.edu.ar\/sitio\/wp-json\/wp\/v2\/pages\/1014\/revisions\/4616"}],"wp:attachment":[{"href":"https:\/\/proartes-ers.infd.edu.ar\/sitio\/wp-json\/wp\/v2\/media?parent=1014"}],"curies":[{"name":"wp","href":"https:\/\/api.w.org\/{rel}","templated":true}]}}