{"id":1948,"date":"2020-04-18T19:54:16","date_gmt":"2020-04-18T22:54:16","guid":{"rendered":"https:\/\/proartes-ers.infd.edu.ar\/sitio\/?page_id=1948"},"modified":"2022-03-18T09:32:49","modified_gmt":"2022-03-18T12:32:49","slug":"necesitas-desbloquear-tu-netbook","status":"publish","type":"page","link":"https:\/\/proartes-ers.infd.edu.ar\/sitio\/recursosdigitales\/necesitas-desbloquear-tu-netbook\/","title":{"rendered":"\u00bfNecesitas desbloquear tu netbook?"},"content":{"rendered":"<p><!--\n\n\n<p style=\"text-align: justify;\">Por motivos del aislamiento social preventivo y obligatorio, dejamos a disposici\u00f3n procedimientos para solicitar el desbloqueo del equipo, as\u00ed, podr\u00e1s tener funcional nuevamente la netbook.<\/p>\n\n\n\n--><\/p>\n<p style=\"text-align: justify;\">Dejamos a disposici\u00f3n un procedimiento para solicitar el desbloqueo del equipo, as\u00ed, podr\u00e1s tener funcional nuevamente la netbook.<\/p>\n<p><!--\n\n\n\n<hr \/>\n\n\n\n\n<p style=\"text-align: justify;\">Procedimiento 1: Solicitud al correo electronico del Referente Tecnico (Metodo recomendado).<\/p>\n\n\n\n\n<p style=\"text-align: justify;\">Para solicitar el desbloqueo deberan completar unos datos en un formulario de Google. Para acceder al formulario es necesario iniciar sesion con una cuenta de Google.\n\nEl paquete sera enviado a tu correo junto con instrucciones para la instalaci\u00f3n del mismo en la netbook, con la asistencia del Referente T\u00e9cnico v\u00eda correo electr\u00f3nico.Dejamos tambien un tutorial en formato pdf para saber como acceder y completar el formulario en cuesti\u00f3n.<\/p>\n\n\n\n\n\n\n<hr \/>\n\n\n\nEnlaces:\u00a0<a href=\"https:\/\/drive.google.com\/file\/d\/10dihnzg5yCVl_YBgHPt8h5diwWSdR4BF\/view?usp=sharing\" target=\"_blank\" rel=\"noopener\">Tutorial PDF<\/a> - <a href=\"https:\/\/docs.google.com\/forms\/d\/e\/1FAIpQLSf0twnC8LuGa15j80st-1-j6G9JKi5bjCyipHrWWGMCyV-5uQ\/viewform?usp=sf_link\" target=\"_blank\" rel=\"noopener\"> Formulario <\/a>\n\n--><\/p>\n<hr>\n<p style=\"text-align: justify;\">Enlace para solicitar desbloqueo dirigiendose al Formulario \u00danico de Asistencia T\u00e9cnica (FUAT), provisto por el Consejo General de Educaci\u00f3n.<\/p>\n<p style=\"text-align: justify;\">\nPara solicitar el desbloqueo deberan completar unos datos en un formulario de Google. Para acceder al formulario es necesario iniciar sesion con una cuenta de Google.<\/p>\n<p>El paquete sera enviado a tu correo junto con instrucciones para la instalaci\u00f3n del mismo en la netbook, con la asistencia del Referente T\u00e9cnico v\u00eda correo electr\u00f3nico.<\/p>\n<p>!Aclaraci\u00f3n! Dicho formulario es para asistencia tecnica en general, se debe seleccionar la opcion de desbloqueo en nivel secundario.<\/p>\n<hr>\n<p>Enlaces: <a href=\"https:\/\/drive.google.com\/file\/d\/1FgFK420Oc00odcsRzM58RFqNYw6KxJEO\/view\" target=\"_blank\" rel=\"noopener\">Tutorial FUAT<\/a> &#8211;&nbsp;<a href=\"https:\/\/docs.google.com\/forms\/d\/e\/1FAIpQLScANJf5F6pHNp-lVu8srQG5vDO5fFGwAyOIf9L9aqcYgxQusA\/viewform?gxids=7628\" target=\"_blank\" rel=\"noopener\"> Formulario <\/a><\/p>\n<hr>\n<p><a href=\"https:\/\/proartes-ers.infd.edu.ar\/sitio\/recursosdigitales\/\">Regresar<\/a><\/p>\n","protected":false},"excerpt":{"rendered":"<p>Dejamos a disposici\u00f3n un procedimiento para solicitar el desbloqueo del equipo, as\u00ed, podr\u00e1s tener funcional nuevamente la netbook. Enlace para solicitar desbloqueo dirigiendose al Formulario \u00danico de Asistencia T\u00e9cnica (FUAT), provisto por el Consejo General de Educaci\u00f3n. Para solicitar el desbloqueo deberan completar unos datos en un formulario de Google. Para acceder al formulario es &#8230; <a title=\"\u00bfNecesitas desbloquear tu netbook?\" class=\"read-more\" href=\"https:\/\/proartes-ers.infd.edu.ar\/sitio\/recursosdigitales\/necesitas-desbloquear-tu-netbook\/\" aria-label=\"More on \u00bfNecesitas desbloquear tu netbook?\">[+]<\/a><\/p>\n","protected":false},"author":816,"featured_media":0,"parent":1407,"menu_order":0,"comment_status":"closed","ping_status":"closed","template":"","meta":[],"acf":[],"_links":{"self":[{"href":"https:\/\/proartes-ers.infd.edu.ar\/sitio\/wp-json\/wp\/v2\/pages\/1948"}],"collection":[{"href":"https:\/\/proartes-ers.infd.edu.ar\/sitio\/wp-json\/wp\/v2\/pages"}],"about":[{"href":"https:\/\/proartes-ers.infd.edu.ar\/sitio\/wp-json\/wp\/v2\/types\/page"}],"author":[{"embeddable":true,"href":"https:\/\/proartes-ers.infd.edu.ar\/sitio\/wp-json\/wp\/v2\/users\/816"}],"replies":[{"embeddable":true,"href":"https:\/\/proartes-ers.infd.edu.ar\/sitio\/wp-json\/wp\/v2\/comments?post=1948"}],"version-history":[{"count":6,"href":"https:\/\/proartes-ers.infd.edu.ar\/sitio\/wp-json\/wp\/v2\/pages\/1948\/revisions"}],"predecessor-version":[{"id":3468,"href":"https:\/\/proartes-ers.infd.edu.ar\/sitio\/wp-json\/wp\/v2\/pages\/1948\/revisions\/3468"}],"up":[{"embeddable":true,"href":"https:\/\/proartes-ers.infd.edu.ar\/sitio\/wp-json\/wp\/v2\/pages\/1407"}],"wp:attachment":[{"href":"https:\/\/proartes-ers.infd.edu.ar\/sitio\/wp-json\/wp\/v2\/media?parent=1948"}],"curies":[{"name":"wp","href":"https:\/\/api.w.org\/{rel}","templated":true}]}}