{"id":2190,"date":"2020-09-30T19:46:13","date_gmt":"2020-09-30T22:46:13","guid":{"rendered":"https:\/\/proartes-ers.infd.edu.ar\/sitio\/?page_id=2190"},"modified":"2024-10-03T15:23:30","modified_gmt":"2024-10-03T18:23:30","slug":"inscripciones_sec","status":"publish","type":"page","link":"https:\/\/proartes-ers.infd.edu.ar\/sitio\/inscripciones_sec\/","title":{"rendered":"Inscripciones"},"content":{"rendered":"<style>.wp-show-posts-columns#wpsp-4453 {margin-left: -2em; }.wp-show-posts-columns#wpsp-4453 .wp-show-posts-inner {margin: 0 0 2em 2em; }<\/style><section id=\"wpsp-4453\" class=\" wp-show-posts\" style=\"\"><article class=\" wp-show-posts-single wpsp-clearfix post-3901 post type-post status-publish format-standard hentry category-infosecundario category-inscripciones\" itemtype=\"http:\/\/schema.org\/CreativeWork\" itemscope><div class=\"wp-show-posts-inner\" style=\"\">\t\t\t\t\t\t<header class=\"wp-show-posts-entry-header\">\n\t\t\t\t\t\t\t<h5 class=\"wp-show-posts-entry-title\" itemprop=\"headline\"><a href=\"https:\/\/proartes-ers.infd.edu.ar\/sitio\/taller-de-arte-infantil\/\" rel=\"bookmark\">Taller \u00a0de \u00a0Arte \u00a0Infantil<\/a><\/h5>\t\t\t\t\t\t<\/header><!-- .entry-header -->\n\t\t\t\t\t\t\t\t\t\t\t<div class=\"wp-show-posts-entry-summary\" itemprop=\"text\">\n\t\t\t\t\t\t\t<p>D\u00edas y horarios de inscripci\u00f3n y reinscripci\u00f3n de alumnos de a\u00f1os anteriores: TURNO MA\u00d1ANA Lunes 16\/03\/2026 de 08:00 a 10:00 hs. TURNO TARDE Martes 17\/03\/2026 de 14:30 a 16:30 hs&#8230;.<\/p>\n\t\t\t\t\t\t<\/div><!-- .entry-summary -->\n\t\t\t\t\t<div class=\"wpsp-read-more\"><a title=\"Taller \u00a0de \u00a0Arte \u00a0Infantil\" class=\"wp-show-posts-read-more\" href=\"https:\/\/proartes-ers.infd.edu.ar\/sitio\/taller-de-arte-infantil\/\">Mas informaci\u00f3n<\/a><\/div><\/div><!-- wp-show-posts-inner --><div class=\"wpsp-clear\"><\/div><\/article><\/section><!-- .wp-show-posts -->\n","protected":false},"excerpt":{"rendered":"","protected":false},"author":816,"featured_media":0,"parent":0,"menu_order":0,"comment_status":"closed","ping_status":"closed","template":"","meta":[],"acf":[],"_links":{"self":[{"href":"https:\/\/proartes-ers.infd.edu.ar\/sitio\/wp-json\/wp\/v2\/pages\/2190"}],"collection":[{"href":"https:\/\/proartes-ers.infd.edu.ar\/sitio\/wp-json\/wp\/v2\/pages"}],"about":[{"href":"https:\/\/proartes-ers.infd.edu.ar\/sitio\/wp-json\/wp\/v2\/types\/page"}],"author":[{"embeddable":true,"href":"https:\/\/proartes-ers.infd.edu.ar\/sitio\/wp-json\/wp\/v2\/users\/816"}],"replies":[{"embeddable":true,"href":"https:\/\/proartes-ers.infd.edu.ar\/sitio\/wp-json\/wp\/v2\/comments?post=2190"}],"version-history":[{"count":34,"href":"https:\/\/proartes-ers.infd.edu.ar\/sitio\/wp-json\/wp\/v2\/pages\/2190\/revisions"}],"predecessor-version":[{"id":4455,"href":"https:\/\/proartes-ers.infd.edu.ar\/sitio\/wp-json\/wp\/v2\/pages\/2190\/revisions\/4455"}],"wp:attachment":[{"href":"https:\/\/proartes-ers.infd.edu.ar\/sitio\/wp-json\/wp\/v2\/media?parent=2190"}],"curies":[{"name":"wp","href":"https:\/\/api.w.org\/{rel}","templated":true}]}}