{"id":2614,"date":"2021-03-15T12:08:10","date_gmt":"2021-03-15T15:08:10","guid":{"rendered":"https:\/\/proartes-ers.infd.edu.ar\/sitio\/?page_id=2614"},"modified":"2024-11-07T16:03:33","modified_gmt":"2024-11-07T19:03:33","slug":"sel_curso","status":"publish","type":"page","link":"https:\/\/proartes-ers.infd.edu.ar\/sitio\/sel_curso\/","title":{"rendered":"Seleccione Ciclo lectivo y curso"},"content":{"rendered":"<style type=\"text\/css\">\n.collapse-title, .collapse-title:visited { display: block;  margin: 0 0 10px 0;  padding: 10px 15px;  background-color: #34495e;  color: #FFFFFF;  font-size: 18px;  font-weight: bold; text-decoration: none;  transition: all .3s ease-in-out;  z-index: 9999;} .collapse-title:hover, .collapse-title:focus {  background-color: #2C3E50; color: #CEF6F5;  outline: none;} .collapse {  max-height: 0;  width: calc(100% - 20px);  margin: 10px auto;  transform: scaleY(0);  transform-origin: top;  opacity: 0;  text-align: justify;} .collapse:target {  max-height: inherit;  transform: scaleY(1); transition: all .3s ease-in-out; opacity: 1;}<\/style>\n<hr>\n<h4>Actividades para descargar organizadas por a\u00f1o.<\/h4>\n<p><!-- <a name=\"22cerrar\"><\/a>\n<a class=\"collapse-title\" href=\"#ciclo22\">Ciclo lectivo 2022<\/a>\n\n\n<div id=\"ciclo22\" class=\"collapse\">\n<a class=\"collapse-title\" href=\"#22cerrar\">Cerrar<\/a>\n\n\n<h3 style=\"text-align: center;\"><a href=\"https:\/\/proartes-ers.infd.edu.ar\/sitio\/recursosdigitales\/recursos-5to2022\/\"><span style=\"color: #3366ff;\">5to A\u00f1o<\/span><\/a><\/h3>\n\n\n<\/div>\n\n\n<a name=\"21cerrar\"><\/a>\n<a class=\"collapse-title\" href=\"#ciclo21\">Ciclo lectivo 2021<\/a>\n\n\n<div id=\"ciclo21\" class=\"collapse\">\n<a class=\"collapse-title\" href=\"#21cerrar\">Cerrar<\/a>\n\n\n<h3 style=\"text-align: center;\"><a href=\"https:\/\/proartes-ers.infd.edu.ar\/sitio\/recursosdigitales\/recursos-1ro2021\/\"><span style=\"color: #3366ff;\">1er A\u00f1o<\/span><\/a><\/h3>\n\n\n\n\n<h3 style=\"text-align: center;\"><a href=\"https:\/\/proartes-ers.infd.edu.ar\/sitio\/recursosdigitales\/recursos-2do2021\/\"><span style=\"color: #3366ff;\">2do A\u00f1o<\/span><\/a><\/h3>\n\n\n\n\n<h3 style=\"text-align: center;\"><a href=\"https:\/\/proartes-ers.infd.edu.ar\/sitio\/recursosdigitales\/recursos-3ro2021\/\"><span style=\"color: #3366ff;\">3er A\u00f1o<\/span><\/a><\/h3>\n\n\n\n\n<h3 style=\"text-align: center;\"><a href=\"https:\/\/proartes-ers.infd.edu.ar\/sitio\/recursosdigitales\/recursos-4to2021\/\"><span style=\"color: #3366ff;\">4to A\u00f1o<\/span><\/a><\/h3>\n\n\n\n\n<h3 style=\"text-align: center;\"><a href=\"https:\/\/proartes-ers.infd.edu.ar\/sitio\/recursosdigitales\/recursos-5to2021\/\"><span style=\"color: #3366ff;\">5to A\u00f1o<\/span><\/a><\/h3>\n\n\n\n\n<h3 style=\"text-align: center;\"><a href=\"https:\/\/proartes-ers.infd.edu.ar\/sitio\/recursosdigitales\/recursos-6to2021\/\"><span style=\"color: #3366ff;\">6to A\u00f1o<\/span><\/a><\/h3>\n\n\n<\/div>\n\n\n<a name=\"20cerrar\"><\/a>\n<a class=\"collapse-title\" href=\"#ciclo20\">Ciclo lectivo 2020<\/a>\n\n\n<div id=\"ciclo20\" class=\"collapse\">\n<a class=\"collapse-title\" href=\"#20cerrar\">Cerrar<\/a>\n\n\n<h5><span style=\"color: #000000;\"><\/span><\/h5>\n\n\n\n\n\n<hr>\n\n\n\n\n\n<h3 style=\"text-align: center;\"><a href=\"https:\/\/proartes-ers.infd.edu.ar\/sitio\/recursosdigitales\/recursos-1ro2020\/\"><span style=\"color: #3366ff;\">1er A\u00f1o<\/span><\/a><\/h3>\n\n\n\n\n<h3 style=\"text-align: center;\"><a href=\"https:\/\/proartes-ers.infd.edu.ar\/sitio\/recursosdigitales\/recursos-2do2020\/\"><span style=\"color: #3366ff;\">2do A\u00f1o<\/span><\/a><\/h3>\n\n\n\n\n<h3 style=\"text-align: center;\"><a href=\"https:\/\/proartes-ers.infd.edu.ar\/sitio\/recursosdigitales\/recursos-3ro2020\/\"><span style=\"color: #3366ff;\">3er A\u00f1o<\/span><\/a><\/h3>\n\n\n\n\n<h3 style=\"text-align: center;\"><a href=\"https:\/\/proartes-ers.infd.edu.ar\/sitio\/recursosdigitales\/recursos-4to2020\/\"><span style=\"color: #3366ff;\">4to A\u00f1o<\/span><\/a><\/h3>\n\n\n\n\n<h3 style=\"text-align: center;\"><a href=\"https:\/\/proartes-ers.infd.edu.ar\/sitio\/recursosdigitales\/recursos-5to2020\/\"><span style=\"color: #3366ff;\">5to A\u00f1o<\/span><\/a><\/h3>\n\n\n\n\n<h3 style=\"text-align: center;\"><a href=\"https:\/\/proartes-ers.infd.edu.ar\/sitio\/recursosdigitales\/recursos-6to2020\/\"><span style=\"color: #3366ff;\">6to A\u00f1o<\/span><\/a><\/h3>\n\n\n<\/div>\n\n\n--><\/p>\n<p><a name=\"20SAcerrar\"><\/a><br \/>\n<a class=\"collapse-title\" href=\"#ciclo20SA\">Saberes Adquiridos<\/a><\/p>\n<div id=\"ciclo20SA\" class=\"collapse\">\n<a class=\"collapse-title\" href=\"#20SAcerrar\">Cerrar<\/a><\/p>\n<h5><span style=\"color: #000000;\">Actividades para alumnos con Saberes Adquiridos<\/span><\/h5>\n<p><span style=\"color: #000000;\">Condiciones de entrega de actividades: <\/span><a href=\"https:\/\/drive.google.com\/open?id=1EUsupH26Kuipg-5mCLsTWmhqq7GYbM1O\" target=\"_blank\" rel=\"noopener\">Enlace<\/a><\/p>\n<hr>\n<h3 style=\"text-align: center;\"><a href=\"https:\/\/proartes-ers.infd.edu.ar\/sitio\/recursosdigitales\/recursos-1ro2020SA\/\"><span style=\"color: #3366ff;\">1er A\u00f1o<\/span><\/a><\/h3>\n<h3 style=\"text-align: center;\"><a href=\"https:\/\/proartes-ers.infd.edu.ar\/sitio\/recursosdigitales\/recursos-2do2020SA\/\"><span style=\"color: #3366ff;\">2do A\u00f1o<\/span><\/a><\/h3>\n<h3 style=\"text-align: center;\"><a href=\"https:\/\/proartes-ers.infd.edu.ar\/sitio\/recursosdigitales\/recursos-3ro2020SA\/\"><span style=\"color: #3366ff;\">3er A\u00f1o<\/span><\/a><\/h3>\n<h3 style=\"text-align: center;\"><a href=\"https:\/\/proartes-ers.infd.edu.ar\/sitio\/recursosdigitales\/recursos-4to2020SA\/\"><span style=\"color: #3366ff;\">4to A\u00f1o<\/span><\/a><\/h3>\n<\/div>\n<hr>\n<p><a href=\"https:\/\/proartes-ers.infd.edu.ar\/sitio\/recursosdigitales\/\">Regresar<\/a><\/p>\n","protected":false},"excerpt":{"rendered":"<p>Actividades para descargar organizadas por a\u00f1o. Saberes Adquiridos Cerrar Actividades para alumnos con Saberes Adquiridos Condiciones de entrega de actividades: Enlace 1er A\u00f1o 2do A\u00f1o 3er A\u00f1o 4to A\u00f1o Regresar<\/p>\n","protected":false},"author":816,"featured_media":0,"parent":0,"menu_order":0,"comment_status":"closed","ping_status":"closed","template":"","meta":[],"acf":[],"_links":{"self":[{"href":"https:\/\/proartes-ers.infd.edu.ar\/sitio\/wp-json\/wp\/v2\/pages\/2614"}],"collection":[{"href":"https:\/\/proartes-ers.infd.edu.ar\/sitio\/wp-json\/wp\/v2\/pages"}],"about":[{"href":"https:\/\/proartes-ers.infd.edu.ar\/sitio\/wp-json\/wp\/v2\/types\/page"}],"author":[{"embeddable":true,"href":"https:\/\/proartes-ers.infd.edu.ar\/sitio\/wp-json\/wp\/v2\/users\/816"}],"replies":[{"embeddable":true,"href":"https:\/\/proartes-ers.infd.edu.ar\/sitio\/wp-json\/wp\/v2\/comments?post=2614"}],"version-history":[{"count":17,"href":"https:\/\/proartes-ers.infd.edu.ar\/sitio\/wp-json\/wp\/v2\/pages\/2614\/revisions"}],"predecessor-version":[{"id":4488,"href":"https:\/\/proartes-ers.infd.edu.ar\/sitio\/wp-json\/wp\/v2\/pages\/2614\/revisions\/4488"}],"wp:attachment":[{"href":"https:\/\/proartes-ers.infd.edu.ar\/sitio\/wp-json\/wp\/v2\/media?parent=2614"}],"curies":[{"name":"wp","href":"https:\/\/api.w.org\/{rel}","templated":true}]}}