{"id":928,"date":"2018-08-30T13:54:17","date_gmt":"2018-08-30T16:54:17","guid":{"rendered":"https:\/\/proartes-ers.infd.edu.ar\/sitio\/informacion-para-alumnos\/"},"modified":"2021-03-02T18:21:51","modified_gmt":"2021-03-02T21:21:51","slug":"informacion-para-alumnos","status":"publish","type":"page","link":"https:\/\/proartes-ers.infd.edu.ar\/sitio\/informacion-para-alumnos\/","title":{"rendered":"ALUMNOS"},"content":{"rendered":"<p style=\"text-align: justify;\"><span style=\"font-family: 'book antiqua', palatino; font-size: 12pt;\">En esta Secci\u00f3n los estudiantes podr\u00e1n consultar informaci\u00f3n relacionada con las novedades Institucionales, las mesas de examen correspondientes a cada llamado, documentos para descargar (constancia de alumno regular, constancia de asistencia a examen,\u00a0Formularios para solicitar equivalencias,\u00a0Planilla Para inscripci\u00f3n a 2\u00b0, 3\u00b0 y 4\u00b0 A\u00f1o, entre otros), Plan progresar, documentaci\u00f3n a presentar para iniciar el tr\u00e1mite del t\u00edtulo, entre otras.<\/span><\/p>\n<p style=\"text-align: justify;\"><span style=\"font-family: 'book antiqua', palatino; font-size: 12pt;\">Para acceder a los servicios de informaci\u00f3n seleccionar la opci\u00f3n correspondiente del men\u00fa.<strong>\u00a0<\/strong><\/span><\/p>\n<p style=\"text-align: justify;\"><span style=\"font-family: 'book antiqua', palatino; font-size: 12pt;\"><strong>HORARIOS DE CURSADA<\/strong><\/span><\/p>\n<p style=\"text-align: justify;\"><span style=\"font-family: 'book antiqua', palatino; font-size: 12pt;\"><strong>VESPERTINO<\/strong><span class=\"apple-converted-space\">\u00a0<\/span>DE 18:30 A 22:45<\/span><\/p>\n<p style=\"text-align: justify;\"><span style=\"font-family: 'book antiqua', palatino; font-size: 12pt;\">\u00a0<\/span><\/p>\n<p style=\"text-align: justify;\"><span style=\"font-family: 'book antiqua', palatino; font-size: 12pt;\"><strong><span style=\"text-decoration: underline;\">INSCRIPCI\u00d3N\u00a0<\/span><\/strong><\/span><\/p>\n<p style=\"text-align: justify;\"><span style=\"font-family: 'book antiqua', palatino; font-size: 12pt;\"><strong><span style=\"text-decoration: underline;\">INICIO PRIMER<\/span><\/strong><span class=\"apple-converted-space\"><strong><span style=\"text-decoration: underline;\">\u00a0<\/span><\/strong><\/span><strong><span style=\"text-decoration: underline;\">CUATRIMESTRE:<\/span><\/strong><br \/>\n<\/span><\/p>\n<p style=\"text-align: justify;\"><span style=\"font-family: 'book antiqua', palatino; font-size: 12pt;\">INICIO DE PARCIALES PRIMER CUATRIMESTRE:\u00a0<\/span><\/p>\n<p style=\"text-align: justify;\"><span style=\"font-family: 'book antiqua', palatino; font-size: 12pt;\"><strong><span style=\"text-decoration: underline;\">INICIO SEGUNDO CUATRIMESTRE:\u00a0<\/span><\/strong><\/span><\/p>\n<p style=\"text-align: justify;\"><span style=\"font-family: 'book antiqua', palatino; font-size: 12pt;\"><strong>\u00a0<\/strong><\/span><\/p>\n<p style=\"text-align: justify;\"><span style=\"font-family: 'book antiqua', palatino; font-size: 12pt;\"><strong>Calendario sujeto a modificaciones<\/strong><\/span><\/p>\n","protected":false},"excerpt":{"rendered":"<p>En esta Secci\u00f3n los estudiantes podr\u00e1n consultar informaci\u00f3n relacionada con las novedades Institucionales, las mesas de examen correspondientes a cada llamado, documentos para descargar (constancia de alumno regular, constancia de asistencia a examen,\u00a0Formularios para solicitar equivalencias,\u00a0Planilla Para inscripci\u00f3n a 2\u00b0, 3\u00b0 y 4\u00b0 A\u00f1o, entre otros), Plan progresar, documentaci\u00f3n a presentar para iniciar el tr\u00e1mite &#8230; <a title=\"ALUMNOS\" class=\"read-more\" href=\"https:\/\/proartes-ers.infd.edu.ar\/sitio\/informacion-para-alumnos\/\" aria-label=\"More on ALUMNOS\">[+]<\/a><\/p>\n","protected":false},"author":382,"featured_media":0,"parent":0,"menu_order":0,"comment_status":"closed","ping_status":"closed","template":"","meta":[],"acf":[],"_links":{"self":[{"href":"https:\/\/proartes-ers.infd.edu.ar\/sitio\/wp-json\/wp\/v2\/pages\/928"}],"collection":[{"href":"https:\/\/proartes-ers.infd.edu.ar\/sitio\/wp-json\/wp\/v2\/pages"}],"about":[{"href":"https:\/\/proartes-ers.infd.edu.ar\/sitio\/wp-json\/wp\/v2\/types\/page"}],"author":[{"embeddable":true,"href":"https:\/\/proartes-ers.infd.edu.ar\/sitio\/wp-json\/wp\/v2\/users\/382"}],"replies":[{"embeddable":true,"href":"https:\/\/proartes-ers.infd.edu.ar\/sitio\/wp-json\/wp\/v2\/comments?post=928"}],"version-history":[{"count":2,"href":"https:\/\/proartes-ers.infd.edu.ar\/sitio\/wp-json\/wp\/v2\/pages\/928\/revisions"}],"predecessor-version":[{"id":2522,"href":"https:\/\/proartes-ers.infd.edu.ar\/sitio\/wp-json\/wp\/v2\/pages\/928\/revisions\/2522"}],"wp:attachment":[{"href":"https:\/\/proartes-ers.infd.edu.ar\/sitio\/wp-json\/wp\/v2\/media?parent=928"}],"curies":[{"name":"wp","href":"https:\/\/api.w.org\/{rel}","templated":true}]}}