{"id":951,"date":"2018-08-30T13:54:27","date_gmt":"2018-08-30T16:54:27","guid":{"rendered":"https:\/\/proartes-ers.infd.edu.ar\/sitio\/datos-institucionales\/"},"modified":"2024-08-22T14:23:43","modified_gmt":"2024-08-22T17:23:43","slug":"datos-institucionales","status":"publish","type":"page","link":"https:\/\/proartes-ers.infd.edu.ar\/sitio\/datos-institucionales\/","title":{"rendered":"Datos institucionales"},"content":{"rendered":"<p><!--  \t<link href=\"https:\/\/cdn.jsdelivr.net\/npm\/bootstrap@5.0.2\/dist\/css\/bootstrap.min.css\" rel=\"stylesheet\" integrity=\"sha384-EVSTQN3\/azprG1Anm3QDgpJLIm9Nao0Yz1ztcQTwFspd3yD65VohhpuuCOmLASjC\" crossorigin=\"anonymous\"> --><\/p>\n<link rel=\"stylesheet\" type=\"text\/css\" href=\"https:\/\/proartesvisuales.pages.dev\/css\/style_global.css\">\n<!--  \t<link rel=\"stylesheet\" type=\"text\/css\" href=\"style_global.css\"> --><br \/>\n<span><\/span><\/p>\n<h5>Escuela Secundaria y Superior N\u00ba 1 \u201cCes\u00e1reo Bernaldo de Quir\u00f3s\u201d<\/h5>\n<ul class=\"ul-nodecorar\">\n<li><span class=\"texto-global\">Direcci\u00f3n: Avellaneda 42 &#8211; Concordia &#8211; Entre R\u00edos &#8211; Argentina.<\/span><\/li>\n<li><span class=\"texto-global\">Tel\u00e9fono: 0345-4216495<\/span><\/li>\n<li><span class=\"texto-global\">Sitio WEB: <a href=\"https:\/\/proartes-ers.infd.edu.ar\/sitio\">https:\/\/proartes-ers.infd.edu.ar\/sitio<\/a><\/span><\/li>\n<\/ul>\n<hr>\n<div class=\"espacio\"><\/div>\n<ul class=\"ul-nodecorar\">\n<li><span class=\"titulo-global\">Escuela Secundaria<\/span>\n<ul>\n<li><span class=\"texto-global\">Horarios de atenci\u00f3n: Lunes a Viernes de 07:00 a 18:00 hs.<\/span><\/li>\n<li><span class=\"texto-global\">E-mail de consultas: <a href=\"mailto:secundaria1.cd@entrerios.edu.ar\">secundaria1.cd@entrerios.edu.ar<\/a><\/span><\/li>\n<\/ul>\n<\/li>\n<\/ul>\n<hr>\n<div class=\"espacio\"><\/div>\n<ul class=\"ul-nodecorar\">\n<li><span class=\"titulo-global\">Profesorado de Artes Visuales y Artes en M\u00fasica<\/span>\n<ul>\n<li><span class=\"texto-global\">Horarios de atenci\u00f3n: Lunes a Viernes de 18:00 a 21:30 hs.<\/span><\/li>\n<li><span class=\"texto-global\">E-mail de consultas: <a href=\"mailto:superior1.cbq.cd@entrerios.edu.ar\">superior1.cbq.cd@entrerios.edu.ar<\/a><\/span><\/li>\n<\/ul>\n<\/li>\n<\/ul>\n","protected":false},"excerpt":{"rendered":"<p>Escuela Secundaria y Superior N\u00ba 1 \u201cCes\u00e1reo Bernaldo de Quir\u00f3s\u201d Direcci\u00f3n: Avellaneda 42 &#8211; Concordia &#8211; Entre R\u00edos &#8211; Argentina. Tel\u00e9fono: 0345-4216495 Sitio WEB: https:\/\/proartes-ers.infd.edu.ar\/sitio Escuela Secundaria Horarios de atenci\u00f3n: Lunes a Viernes de 07:00 a 18:00 hs. E-mail de consultas: secundaria1.cd@entrerios.edu.ar Profesorado de Artes Visuales y Artes en M\u00fasica Horarios de atenci\u00f3n: Lunes a &#8230; <a title=\"Datos institucionales\" class=\"read-more\" href=\"https:\/\/proartes-ers.infd.edu.ar\/sitio\/datos-institucionales\/\" aria-label=\"More on Datos institucionales\">[+]<\/a><\/p>\n","protected":false},"author":382,"featured_media":0,"parent":0,"menu_order":0,"comment_status":"closed","ping_status":"closed","template":"","meta":[],"acf":[],"_links":{"self":[{"href":"https:\/\/proartes-ers.infd.edu.ar\/sitio\/wp-json\/wp\/v2\/pages\/951"}],"collection":[{"href":"https:\/\/proartes-ers.infd.edu.ar\/sitio\/wp-json\/wp\/v2\/pages"}],"about":[{"href":"https:\/\/proartes-ers.infd.edu.ar\/sitio\/wp-json\/wp\/v2\/types\/page"}],"author":[{"embeddable":true,"href":"https:\/\/proartes-ers.infd.edu.ar\/sitio\/wp-json\/wp\/v2\/users\/382"}],"replies":[{"embeddable":true,"href":"https:\/\/proartes-ers.infd.edu.ar\/sitio\/wp-json\/wp\/v2\/comments?post=951"}],"version-history":[{"count":7,"href":"https:\/\/proartes-ers.infd.edu.ar\/sitio\/wp-json\/wp\/v2\/pages\/951\/revisions"}],"predecessor-version":[{"id":4428,"href":"https:\/\/proartes-ers.infd.edu.ar\/sitio\/wp-json\/wp\/v2\/pages\/951\/revisions\/4428"}],"wp:attachment":[{"href":"https:\/\/proartes-ers.infd.edu.ar\/sitio\/wp-json\/wp\/v2\/media?parent=951"}],"curies":[{"name":"wp","href":"https:\/\/api.w.org\/{rel}","templated":true}]}}