{"id":982,"date":"2018-08-30T13:54:41","date_gmt":"2018-08-30T16:54:41","guid":{"rendered":"https:\/\/proartes-ers.infd.edu.ar\/sitio\/preceptoria\/"},"modified":"2025-03-05T16:54:23","modified_gmt":"2025-03-05T19:54:23","slug":"preceptoria","status":"publish","type":"page","link":"https:\/\/proartes-ers.infd.edu.ar\/sitio\/preceptoria\/","title":{"rendered":"Preceptor\u00eda"},"content":{"rendered":"<p><span style=\"font-family: book antiqua,palatino; font-size: 12pt;\">Profesorado de Artes en Artes Visuales:\u00a0 \u00a0 \u00a0 \u00a0 \u00a0 \u00a0 \u00a0 ZAMB\u00d3N, Pablo<br \/>\n<\/span><\/p>\n<p><span style=\"font-family: book antiqua,palatino; font-size: 12pt;\">Profesorado de Artes en Artes de M\u00fasica:\u00a0 \u00a0 \u00a0 \u00a0 \u00a0ORO\u00d1O, Malvina<strong><br \/>\n<\/strong><\/span><\/p>\n<p><span style=\"font-size: 12pt; font-family: book antiqua,palatino;\">Entre sus funciones se encuentran:<\/span><\/p>\n<ul>\n<li><span style=\"font-size: 12pt; font-family: book antiqua,palatino;\">Llevar el registro permanente del alumnado, tramitar toda documentaci\u00f3n requerida por la instituci\u00f3n y por el alumnado.<\/span><\/li>\n<li><span style=\"font-size: 12pt; font-family: book antiqua,palatino;\">Difundir las resoluciones dispuestas por el Equipo Directivo y el \u00a0Consejo Directivo.<\/span><\/li>\n<li><span style=\"font-size: 12pt; font-family: book antiqua,palatino;\">Difundir el Reglamento Org\u00e1nico interno y R\u00e9gimen Acad\u00e9mico\u00a0 Institucional.<\/span><\/li>\n<li><span style=\"font-size: 12pt; font-family: book antiqua,palatino;\">Desarrollar adem\u00e1s, todas las acciones propuestas por el rector, las inherentes a su cargo, y las necesarias para el cumplimiento de estas funciones.<\/span><\/li>\n<li><span style=\"font-size: 12pt; font-family: book antiqua,palatino;\">Informar a los estudiantes el r\u00e9gimen de Correlatividades<\/span><\/li>\n<li><span style=\"font-size: 12pt; font-family: book antiqua,palatino;\">Realizar las inscripciones anuales, las inscripciones a ex\u00e1menes.<\/span><\/li>\n<li><span style=\"font-size: 12pt; font-family: book antiqua,palatino;\">Ejercer otras funciones que disponga el Equipo Directivo\/Consejo Directivo.\u00a0<\/span><\/li>\n<\/ul>\n","protected":false},"excerpt":{"rendered":"<p>Profesorado de Artes en Artes Visuales:\u00a0 \u00a0 \u00a0 \u00a0 \u00a0 \u00a0 \u00a0 ZAMB\u00d3N, Pablo Profesorado de Artes en Artes de M\u00fasica:\u00a0 \u00a0 \u00a0 \u00a0 \u00a0ORO\u00d1O, Malvina Entre sus funciones se encuentran: Llevar el registro permanente del alumnado, tramitar toda documentaci\u00f3n requerida por la instituci\u00f3n y por el alumnado. Difundir las resoluciones dispuestas por el Equipo &#8230; <a title=\"Preceptor\u00eda\" class=\"read-more\" href=\"https:\/\/proartes-ers.infd.edu.ar\/sitio\/preceptoria\/\" aria-label=\"More on Preceptor\u00eda\">[+]<\/a><\/p>\n","protected":false},"author":382,"featured_media":0,"parent":0,"menu_order":0,"comment_status":"closed","ping_status":"closed","template":"","meta":[],"acf":[],"_links":{"self":[{"href":"https:\/\/proartes-ers.infd.edu.ar\/sitio\/wp-json\/wp\/v2\/pages\/982"}],"collection":[{"href":"https:\/\/proartes-ers.infd.edu.ar\/sitio\/wp-json\/wp\/v2\/pages"}],"about":[{"href":"https:\/\/proartes-ers.infd.edu.ar\/sitio\/wp-json\/wp\/v2\/types\/page"}],"author":[{"embeddable":true,"href":"https:\/\/proartes-ers.infd.edu.ar\/sitio\/wp-json\/wp\/v2\/users\/382"}],"replies":[{"embeddable":true,"href":"https:\/\/proartes-ers.infd.edu.ar\/sitio\/wp-json\/wp\/v2\/comments?post=982"}],"version-history":[{"count":4,"href":"https:\/\/proartes-ers.infd.edu.ar\/sitio\/wp-json\/wp\/v2\/pages\/982\/revisions"}],"predecessor-version":[{"id":4576,"href":"https:\/\/proartes-ers.infd.edu.ar\/sitio\/wp-json\/wp\/v2\/pages\/982\/revisions\/4576"}],"wp:attachment":[{"href":"https:\/\/proartes-ers.infd.edu.ar\/sitio\/wp-json\/wp\/v2\/media?parent=982"}],"curies":[{"name":"wp","href":"https:\/\/api.w.org\/{rel}","templated":true}]}}